Let q be (18/(-6))/(6/(-14)). Let s(b) = b**2 - 8*b + 9. Let r be s(q). Suppose 2*n + r*g - 10 = 0, 2*g - 2 = n + n. Let h(p) = p**2 - 3*p + 2. Determine h(n).
0
Let w(o) be the first derivative of -o**5/60 + 4*o**3/3 - 15*o**2 + 17. Let r(u) be the second derivative of w(u). What is r(0)?
8
Let c(p) = 12*p**2 + 4*p - 1 - 13*p**2 - 7*p + 5*p - 3*p**3. Let q(t) = t**3 + 4*t**2 - 5*t - 2. Let l be q(-5). What is c(l)?
15
Suppose 3*a + 27 = -3*b, -3*a = 4*b - 9*b + 43. Let r(w) = -w**2 - 12*w - 6. Give r(a).
5
Let o(j) be the first derivative of 8*j**3/3 - 37. What is o(1)?
8
Let n(x) = -7*x**3 + x**3 + 10*x**3 - 2*x + 3 - 4. Suppose 5*l = -2*i + 8, -6*l + 3 = i - 4*l. Give n(i).
-3
Let z(a) = 47*a - 143*a + 51*a + 50*a - 4 + 0. Calculate z(2).
6
Let j(c) = -c - 2. Let q(y) be the second derivative of y**5/20 - y**3/2 - y**2 + 6*y. Let n be q(-1). Determine j(n).
-2
Suppose -7*x = 8*q - 3*x + 8, q - x = 5. Let y(m) = 37*m**3 + m**2. What is y(q)?
38
Let c(u) = -6*u. Suppose 5*f - 2*q - 6 = 18, -f - 2*q = 0. Suppose -2*n + 5*d + 21 = 0, -5*n - 35 = d + f*d. What is c(n)?
12
Let q(k) = -k**2 - 6*k + 11. Let i(n) = -5*n**2 - 2*n + 8. Let u be i(-2). Determine q(u).
-5
Suppose -14*k + 20*k = 30. Let z(c) = -c**2 + 7*c - 3. Give z(k).
7
Let q(w) be the third derivative of w**5/20 - w**4/6 + 4*w**2 - 15*w. Suppose -5*c = -13 - 2. Give q(c).
15
Suppose -23 = 3*q - 4*c, -c + 5 = 3*q + 48. Let m = -12 - q. Let k(o) be the second derivative of 3*o**5/10 + o**4/6 - o**2/2 + 3*o. Determine k(m).
7
Suppose 10*x + 29 - 69 = 0. Let t(p) be the second derivative of 1/4*p**x + 0 - 2*p - 1/6*p**3 - 1/20*p**5 - 2*p**2. Calculate t(3).
-7
Let q(h) = -2*h - 3. Let v be q(-3). Let b(t) = -t**3 + 2*t**2 + 4*t - 4. Calculate b(v).
-1
Let u(w) be the second derivative of 0 - 27*w + 1/6*w**3 - 5*w**2. Determine u(8).
-2
Suppose 0 = -3*w + 4*b + 10, -w + 3 = -0*w - b. Let z(i) be the second derivative of -1/20*i**5 - 7/2*i**w + 0 + 5/12*i**4 + 2*i + 1/6*i**3. Calculate z(5).
-2
Let k be 99/6 - 3/2. Let c(n) = -k*n + 15*n + 4*n. Give c(-1).
-4
Let o = -64 - -77. Let x(c) = -9 + 14*c**2 - c + 0*c**2 - o*c**2. Determine x(0).
-9
Let k(z) be the third derivative of 5*z**4/12 + z**3/6 - 296*z**2. What is k(-4)?
-39
Let m(d) = d**3 + 3*d**2 + d + 1. Let r = 4 + -10. Let z(g) = -14 + 11*g**2 - 7*g - 11*g - 5*g**2 + 16*g + g**3. Let y be z(r). Determine m(y).
3
Let s(l) = 1 + 59*l + 2*l**3 + 2 - 3*l**3 - 61*l. Calculate s(2).
-9
Suppose 0 = p + 3*t + 19, 2*t + t = -3. Let u = 21 + p. Let c(m) = m. Let i(h) = h + 1. Let l(v) = -4*c(v) + 3*i(v). Determine l(u).
-2
Let d(k) = -4*k**2 + 6*k + 10. Let a(v) = -v**2 + 1. Let x(s) = -5*a(s) + d(s). What is x(-6)?
5
Let m = 5 + -5. Let q(b) = -b**3 - b**2 - b + 89. Give q(m).
89
Let f(r) = 1 - r + 1 + 3. Let c = -96 + 97. Let v be (-7 - -4)*(c - 2). Calculate f(v).
2
Let o = 363 + -361. Let z(b) = b**3 - b**2 + b + 1. Let a(g) = 4*g**3 - g**2 + g + 7. Let w(c) = a(c) - 5*z(c). Determine w(o).
2
Let n(q) be the first derivative of q**3/3 - 5*q**2 + 21*q + 149. Give n(10).
21
Let j(y) = -y**2 - 2*y + 2*y - 2. Let l be -2*-4*1*5/(-10). Calculate j(l).
-18
Let k(y) be the first derivative of 1/2*y**2 + 0*y + 17. Determine k(-7).
-7
Let f(b) = 7*b**3 + b**2 + 17. Let p(j) = 9*j**3 + 2*j**2 - j + 20. Let i(x) = 5*f(x) - 4*p(x). Let o = -4 - 0. Give i(o).
5
Let g = -329 + 328. Let w(y) be the third derivative of -1/60*y**5 + 0*y + 0*y**4 + 0 + 1/6*y**3 + y**2. Calculate w(g).
0
Let u be (2/(-4))/((-1)/4). Suppose -5*z - 4*t + 2 = -8*t, -4*z - t + 10 = 0. Let f(j) = -127*j**z + 129*j**2 - 2*j**3 + j**3. Calculate f(u).
0
Suppose 19 - 7 = 2*g. Let t(v) = v**2 - 3*v - 19. What is t(g)?
-1
Let w be (-2)/(-5) - (252/30)/6. Let d(z) = z - 5. What is d(w)?
-6
Let t be 5/((-203)/(-42) + -4). Let p(d) = 2*d**2 - 9*d + 1. Give p(t).
19
Let g(v) = -v**2 + 13*v - 21. Let n = -234 + 245. Give g(n).
1
Let d(l) be the third derivative of l**6/720 + l**5/60 - 7*l**4/24 + 9*l**2. Let g(x) be the second derivative of d(x). Determine g(4).
6
Let c = -1 - -1. Let r(s) be the first derivative of -s**4/4 - s**3/3 - s**2/2 + 2*s - 24. Calculate r(c).
2
Let b(p) be the second derivative of p**3/6 + 6*p**2 + 4*p. Suppose z - 4*s = -25, 27 = -2*z + 3*s - 3. Give b(z).
3
Let h(d) = d - 6. Suppose -48*x - 4 = -49*x. Calculate h(x).
-2
Let d(i) = -5*i + 3*i**2 - 3*i**2 + i**2 + 1. Suppose 2*t - 73 = -5. Suppose 5*f - t + 9 = 0. What is d(f)?
1
Let d(k) = -8*k**2 + 35*k**2 - 26*k - k**3 + 10 - 24 + 9. Determine d(26).
-5
Suppose -11*y + 14*y + 6 = 2*i, -4*y + 3*i = 7. Let q(l) = 2*l**2 + 9*l + 1. Calculate q(y).
-3
Let g(y) be the first derivative of y**4/4 + 5*y**3/3 + y**2/2 + 5*y + 1. Let t be (-46)/10 - (169/260 + (-2)/8). Give g(t).
0
Let k = 31 - 22. Suppose 12 = -4*a + s, k = 5*s - 11. Let p(x) = 8*x. Give p(a).
-16
Let m(n) = -n**2 + 4*n - 7. Let q(a) be the second derivative of -a**4/12 + a**3/2 - 3*a**2 + 11*a. Let g(j) = 4*m(j) - 5*q(j). Determine g(2).
8
Let a = -3 + 3. Let m = 6 - a. Let b = -4 + m. Let q(o) = -2*o - 2. Determine q(b).
-6
Let g(b) be the first derivative of -b**3/3 - b**2/2 - 4*b - 76. Calculate g(-3).
-10
Let n be -22*1/1*(-10)/4. Let y = n + -55. Let z(p) = p + 15. Determine z(y).
15
Suppose 74*q - 11 = 85*q. Let w(n) be the first derivative of -n**5/60 + n**4/24 - 2*n**3/3 + 2. Let l(v) be the third derivative of w(v). What is l(q)?
3
Let k be (6/10)/(4/(-20)*-1). Let y(c) = -7*c**2 + 11*c + 10. Let b(d) = d**2 - d - 1. Let v(l) = 6*b(l) + y(l). What is v(k)?
10
Let s(f) = f - 12. Let k = 188 - 200. Calculate s(k).
-24
Let v(t) be the second derivative of -4*t**2 - 2*t + 1/6*t**3 + 0. Let k be v(8). Let c(y) = -y**3 - y**2 - 2. Determine c(k).
-2
Let q(h) = 3*h + 3. Let m be q(-2). Suppose 5*i = -2*w + 6, -5*i + 10*w + 20 = 5*w. Let c(g) = 2*g + 8 - i - 5 + 1 + g**2. Calculate c(m).
5
Let s(k) be the third derivative of -k**4/24 + 11*k**3/6 - 46*k**2. Calculate s(7).
4
Let b(v) = v. Let j(z) = 4*z + 1. Let w(x) = -b(x) + j(x). Suppose 0 = -154*d + 157*d + 6. Calculate w(d).
-5
Let t be 5*(-3 - (-9)/5). Let j(a) = -a**3 - 8*a**2 - 8*a + 6. Give j(t).
-18
Suppose 2*h = 3 - 5. Let j(v) be the third derivative of v**7/5040 + v**6/720 + 13*v**5/60 + 6*v**2. Let i(m) be the third derivative of j(m). What is i(h)?
0
Let k(t) be the second derivative of -7/6*t**3 - 1/12*t**4 + 37*t + t**2 + 0. Determine k(-7).
2
Let b(o) = o**2 - 5*o + 8. Let d be b(7). Let l = d - 17. Let i(k) = 5*k**2 - k**2 - l*k**2 + 10*k - 6*k + 1. Determine i(4).
1
Suppose 15 + 17 = 2*d. Suppose 20*a + 76 = d. Let b(c) = 4*c - 4. Give b(a).
-16
Let p(h) = 19*h + 6*h - 28*h. Calculate p(0).
0
Let s(d) = 7*d**2 - d**2 - 3*d**2 + 4*d**2. Let y = 371 - 372. Give s(y).
7
Let t(g) = 4*g - 4. Suppose 3*o + 3*o = 0. Suppose -7 = -2*l - k - o*k, -2 = -l - 2*k. Determine t(l).
12
Suppose 2*c - 15 = -3*c. Let w(s) = -12*s + 3 - 37*s - 38*s + 79*s. Determine w(c).
-21
Let r(z) = 63*z - 125*z + 56*z + z**3 - 5. Determine r(-2).
-1
Suppose 5*r - 18 = -68. Let v(b) = b**3 + 9*b**2 - 10*b - 3. Give v(r).
-3
Suppose 0 = 4*a - 5 - 23. Suppose 0 = -27*b + 4 - 58. Let x be ((-4)/b - a) + 2. Let y(j) = -j. Give y(x).
3
Let c(i) = -8*i - 1. Let n(j) = 3*j. Let a(x) = 3*c(x) + 6*n(x). Give a(6).
-39
Let r(g) = 2 + 5*g**2 + g**3 - 3 + g**2 + 0*g**2 + g. Let c = 1 + -7. Give r(c).
-7
Let g(k) be the first derivative of -k**5/20 + 7*k**4/12 + 3*k**3/2 - k**2/2 + 18*k - 18. Let z(d) be the first derivative of g(d). What is z(8)?
7
Let h(l) = -5*l - 8. Let x be h(-4). Suppose 0 = 4*n + 4*p - 4, -2 + x = 4*n - 2*p. Let g(r) = -3*r**n - 3 - r**2 + 0*r + 3*r**2 + 6*r. Determine g(6).
-3
Let r be 2 + (24/(-6) - -8). Suppose -6 = r*y - 8*y. Let w(b) = b**3 - b**2 - b - 3. What is w(y)?
12
Let o(j) = -2*j - 8. Suppose -7*t - 50 = 118. Let x be t/(-108) + (-56)/9. Give o(x).
4
Let i be 4 + 2*6/4. Let r(f) = 3*f - 19. Determine r(i).
2
Let l = 33 + -14. Suppose 14*q = l*q - 35. Let j(p) = -p - 3. Let u(k) = -3*k - 7. Let w(t) = -5*j(t) + 2*u(t). Give w(q).
-6
Let g(k) = -k - 3*k**2 - 2*k + k - 2*k**2 + 8*k**2. Let w(s) = s**3 - s + 3. Let f be w(0). Suppose 0*l + 2*l + 6 = f*h, 0 = -5*l. Give g(h).
8
Let k(w) = -19*w + 3. Let h(s) = -s**3 + 27*s**2 - 2*s + 51. Let l be h(27). What is k(l)?
60
Let v(c) = -c**2